n(-1). What is the remainder when 22 is divided by a/(-10) + 4/(-20)?
4
Let c = 127 + -84. Suppose 0 = -3*m + 20 + c. Calculate the remainder when m is divided by (-2)/(1 + (-13)/11).
10
What is the remainder when (196/(-35))/(2/(-10)) is divided by 15?
13
Suppose -15*s + 11*s + 128 = 0. What is the remainder when s is divided by 11?
10
Suppose 7*g - 5*g = 58. Calculate the remainder when g is divided by 10.
9
Let u(f) = 5*f**2 - 2*f + 1. Let k = 11 - 0. What is the remainder when k is divided by u(1)?
3
Suppose 15*r = -133 + 838. What is the remainder when r is divided by 10?
7
Let o(t) = -2*t - 6. Let h be o(-7). Let k = h - 2. What is the remainder when (1 - (-1)/(-1)) + 16 is divided by k?
4
Suppose 2*q = 1 + 11. Suppose 2*o - 13 = -5*n, -5*n - 4*o = -27 + q. Let l = n - -1. What is the remainder when 2 is divided by l?
0
Let g(r) = r**3 + 3*r**2 - 2*r - 3. Let n be g(-2). Suppose 80 = n*m - 5. Let u = -31 - -62. Calculate the remainder when u is divided by m.
14
Let h(v) = v + 12. Calculate the remainder when 33 is divided by h(-5).
5
Let f(g) be the third derivative of -g**6/120 - g**5/10 - 7*g**4/24 - g**3/3 + 7*g**2. What is the remainder when 0 - 30/(-2*1) is divided by f(-5)?
7
Suppose q - k = 2*q - 7, k - 1 = 0. Calculate the remainder when 15 is divided by q.
3
Suppose -7*v + 144 = -3*v. Suppose -v = -5*j + 139. What is the remainder when j is divided by 9?
8
Let z be 86/(-18) + 2/(-9). Let t = 19 + -10. Let v = t - z. Calculate the remainder when v is divided by 8.
6
Suppose 4*h + 0 = 16. What is the remainder when h is divided by 2?
0
Let d = -317 + 357. Let f = -19 - -33. What is the remainder when d is divided by f?
12
Let j(f) = -10*f**3 - 5*f**2 - 3*f + 3. Let y be j(-3). Suppose -5*l + y = -78. Calculate the remainder when l is divided by 22.
19
Let b be ((-2)/4)/((-2)/20). Suppose -b*v + 62 = 257. Calculate the remainder when v/(-6)*(-2)/(-1) is divided by 7.
6
Suppose -3*k + 6 + 6 = 0. What is the remainder when 1 is divided by (-2 + k)/(-1) + 3?
0
What is the remainder when 62 is divided by (-42)/9*36/(-21)?
6
Suppose -4*n + v + 145 + 28 = 0, 0 = 5*n - 4*v - 219. What is the remainder when n is divided by 15?
13
Let x be (-4)/(-26) - (-89)/13. Suppose -3*s - 3 = -3*i, x*i = 4*s + 2*i + 5. Suppose 4*u = -s*u + 212. What is the remainder when u is divided by 18?
17
Suppose 2*j + 3*q - 46 = q, 87 = 4*j + 3*q. Suppose 0 = 3*x + 6 - j. Let c = x + 4. Calculate the remainder when 14 is divided by c.
6
What is the remainder when 58 is divided by (-5)/((-4 - -2)/4)?
8
Suppose -s = -3, -6*x = -5*x - 4*s - 37. Calculate the remainder when x is divided by 10.
9
Let y(g) = g**2 + 10*g + 1. Let f be y(-8). Suppose -3*b + 2*b - 11 = 0. Let x = b - f. What is the remainder when x is divided by 2?
0
What is the remainder when 77 is divided by (-4)/3*(-117)/6?
25
Let i(f) = 7*f**2 + 2*f - 2. Let w(v) = 2*v - 3. Let y be w(2). What is the remainder when 7*3/y + -1 is divided by i(1)?
6
Calculate the remainder when 130 is divided by (-1)/4 - (-665)/20.
31
Suppose 0 = 4*f - 13 - 39. Let g = 1 + f. What is the remainder when g is divided by 5?
4
Let a(u) = 0*u + 2*u**2 + 2*u - u**2 - 7. Let y(d) = d**3 - 2*d**2 + 1. What is the remainder when a(-7) is divided by y(3)?
8
Let r(n) be the third derivative of -n**5/60 - n**4/2 - 13*n**3/6 + 4*n**2. What is the remainder when 27 is divided by r(-10)?
6
Let p(s) = s**2 - 2*s - 1. Let i be p(3). Suppose 4*k = -i + 6. Suppose -2*q - 3*z = -16, 4*z - 8 = -2*q + 3*z. Calculate the remainder when q is divided by k.
0
Let g(f) = 3*f - 1. Let y be g(-13). What is the remainder when 74 is divided by (5/(-2))/(4/y)?
24
Let r(x) = -x**3 - 5*x**2 + 6*x + 2. What is the remainder when r(-6) is divided by 1?
0
Suppose 5*f - 17 = 48. Suppose 0 = 5*b + 4*a - 132, 0*b = -2*b - a + 51. What is the remainder when b is divided by f?
11
Let m = -30 + 45. Calculate the remainder when 59 is divided by m.
14
Let l(u) = 17*u - 1. Let y be l(1). Suppose -4*z = -0*z - y. Calculate the remainder when z is divided by 4.
0
Suppose -5*v - 4*p + 28 = 4, 4 = -v - 3*p. Let b(n) = -n**3 + 9*n**2 - 6*n - 5. Calculate the remainder when b(v) is divided by 6.
5
Let i = -5 - -28. Let u = i - -17. Suppose 4*z + z - u = 0. Calculate the remainder when 30 is divided by z.
6
Let h = 1 + -1. Suppose -o + h = -55. What is the remainder when o is divided by 14?
13
What is the remainder when 63 is divided by 2/6*39/1?
11
Calculate the remainder when (-65)/(-2) + 21/14 is divided by (-4)/14 - (-258)/21.
10
Suppose 5*f = -0*f + 310. Suppose 2*v + f = 5*l, 2*v - 2 - 6 = 0. Suppose 6*h - 3*h = 165. Calculate the remainder when h is divided by l.
13
Let m(q) = -q**3 - 2*q**2 - q. Let z(g) = 2*g**3 + 6*g**2 + 3*g - 1. Let r(y) = -11*m(y) - 4*z(y). Calculate the remainder when r(3) is divided by 22.
20
Calculate the remainder when 12 is divided by 145/25 + 12/(-15).
2
Let f be (-276)/14 - (-4)/(-14). Let x be (-24)/(-2)*f/(-4). Suppose 0 = 2*u - 0*u - 8, -4*l + x = 4*u. Calculate the remainder when 21 is divided by l.
10
Calculate the remainder when 63 is divided by ((-56)/(-6) - 1) + 4/(-12).
7
Let q(g) = 2*g**2 - 31*g + 15. Calculate the remainder when 91 is divided by q(16).
29
Suppose 7 = -3*j + 184. Suppose 3*a - 4*a + j = 0. What is the remainder when a is divided by 15?
14
What is the remainder when 23 is divided by 60/8 - 2/(-4)?
7
Suppose -7 + 32 = 3*y - s, 5*s = -2*y - 6. What is the remainder when 13 is divided by y?
6
Suppose -42 = -3*j + 12. Let c = -12 + j. Let h(r) = r**3 + 8*r**2 + 7*r + 10. Calculate the remainder when h(-7) is divided by c.
4
What is the remainder when 148 + -3 + 0/(2 - -1) is divided by 21?
19
Let m(k) = 21*k**2 - 8*k + 1. Calculate the remainder when m(2) is divided by 38.
31
Suppose -54 = 3*k - 2*k. Let w = k - -109. What is the remainder when w is divided by 14?
13
Suppose d = z - 14, 0*z = 2*z + 3*d - 8. Calculate the remainder when 38 is divided by z.
8
Suppose 0 = 2*f + i - 326, -2*f = -3*f - 2*i + 160. What is the remainder when f is divided by 33?
32
Let o(n) = n**3 + 11*n**2 + 2*n - 34. Calculate the remainder when o(-10) is divided by 12.
10
Let r(a) = -a**3 - 6*a**2 + 5*a + 17. Calculate the remainder when r(-7) is divided by 11.
9
Let a be 0 - (-70)/((-3)/(-3)). Suppose a = 6*b - b. Suppose -b = -4*y + 6. Calculate the remainder when 13 is divided by y.
3
Suppose 0 = -6*u + 3*u + 60. What is the remainder when 37 is divided by u?
17
Let m = 4 + 12. Suppose 3*c + n = -3*n + 151, 4*n + 209 = 5*c. Calculate the remainder when c is divided by m.
13
Let u(i) = 20*i - 2. What is the remainder when 71 is divided by u(1)?
17
Let q be 10 + 3/((-6)/4). Suppose -q*b = -3*b - 215. What is the remainder when b is divided by 15?
13
What is the remainder when ((-43)/(-2))/((-3)/(-6)) is divided by -1*(-11)/2*2?
10
Let p(g) = 4*g + 5. What is the remainder when p(6) is divided by 16/(-10)*(0 + -5)?
5
Suppose -9*t + 10*t = 3. Suppose t*x - 5*x = -4*l + 128, -3*x - 99 = -3*l. Let o(y) = 4*y + 1. What is the remainder when l is divided by o(4)?
14
Suppose -2*v + 6*v - 46 = 5*u, -v = -5*u - 4. Let h be (-35)/v*8/(-5). Calculate the remainder when 20 is divided by 2/h + (-84)/(-8).
9
Let b = -58 + 99. Let t(f) be the second derivative of f**5/20 - 5*f**3/6 + f**2 - 2*f. Calculate the remainder when b is divided by t(3).
13
Suppose -28 = -3*f - 4. Calculate the remainder when 30 is divided by f.
6
Let h(g) = g - 19. Let v(a) = -a + 19. Let b(y) = -7*h(y) - 6*v(y). What is the remainder when 37 is divided by b(0)?
18
Calculate the remainder when 22 is divided by (24/10)/(9/30).
6
Suppose 0 = -3*l + 5*t + 69, -5*l - t + 47 = -40. What is the remainder when l is divided by (1 + 5 - -2) + -1?
4
Let x = 5 + -1. Suppose 3*l = 2*n + 27, -l - 2*n - 13 = -2*l. What is the remainder when l is divided by x?
3
Let l = -19 - -23. Suppose 12 + 63 = 3*h + 3*m, m = -l*h + 85. Calculate the remainder when 99 is divided by h.
19
Let g(n) = n**2 - n - 1. Let c be g(4). Calculate the remainder when 31 is divided by (-2 + 2 - c)*-1.
9
Let h(p) = -7*p + 3. What is the remainder when h(-2) is divided by 6?
5
Suppose -4*w - 32 = -4*r, 3*r + 5*w - 14 = 3*w. What is the remainder when 23 is divided by r?
5
Let j(n) = 2*n**2 + 1. What is the rema